 remainder when 14 is divided by b.
6
Suppose 5*b + 4*x = x + 140, -b + 4*x + 28 = 0. What is the remainder when 111 is divided by b?
27
Let i(u) = u**2 - 15*u - 21. Let f be i(17). Let y = f + -7. What is the remainder when y is divided by 5?
1
Calculate the remainder when 80 is divided by (1 - (-4)/4) + 12.
10
Let n = 2 - 2. Let q be (-47)/(-9) + 18/(-81). Suppose -q*y - 3 + 18 = n. Calculate the remainder when 4 is divided by y.
1
Suppose 0 = -6*q + 2*q - b + 53, 3*b = 2*q - 9. Suppose h = 2*h - 8. Suppose 77 - h = 3*k. Calculate the remainder when k is divided by q.
11
Let q = 215 - 144. What is the remainder when q is divided by 24?
23
Let b = 62 + -23. Let m(x) = x + 2. Calculate the remainder when b is divided by m(8).
9
Suppose 0 = 5*r - 37 - 8. Let l(w) = -20*w - 3. Calculate the remainder when l(-1) is divided by r.
8
Let f = -14 - -23. Let i(s) = s**3 - 8*s**2 - 9*s - 8. Let c be i(f). Let o = 18 + c. What is the remainder when o is divided by 6?
4
Let o = -2 - -10. Suppose 4*i + o = 3*l, -5*l - i + 26 - 5 = 0. What is the remainder when 14 is divided by l?
2
Suppose -17*r + 53 = -16*r. What is the remainder when r is divided by 8?
5
Let f = -42 + 106. Suppose -2*t = -4*j - 56, -4*t - 3*j + 60 = -19. Calculate the remainder when f is divided by t.
20
Let r(x) = -x**3 - 3*x**2 - 2*x + 4. Let n = -16 + 29. Let a = n + -9. Calculate the remainder when r(-3) is divided by a.
2
Let t(k) = k**2 - 5*k + 6. Let a = 9 - -7. Calculate the remainder when a is divided by t(5).
4
Let n = -144 + 46. Let y = -18 - -35. Calculate the remainder when ((-10)/(-5))/((-4)/n) is divided by y.
15
Suppose -2*q = 10, -8 = -5*c - 3*q + 37. Suppose -j + 3 - 1 = 0, j = -5*t + 112. Calculate the remainder when t is divided by c.
10
Suppose 0*o + 92 = 4*b + 4*o, 2*o + 80 = 5*b. Let l = 10 + b. Suppose 98 = 2*k - 5*w, 2*w = 2*k + 3*w - 110. What is the remainder when k is divided by l?
26
Suppose -7*z + 6*z + 17 = 0. Let a = 30 - z. Calculate the remainder when 49 is divided by a.
10
Suppose 9*d = 4*d + 20. Suppose 5 + 5 = k. Calculate the remainder when k is divided by d.
2
Suppose 6*p = 3*p - 2*c + 32, -p = c - 12. Suppose -9 = -z + 2. Suppose k - z = 12. Calculate the remainder when k is divided by p.
7
Suppose 12 = 3*b + 3*z, 0 = -4*b + 3*z + 1 + 15. Suppose y - 9 = -b. Calculate the remainder when y is divided by 3.
2
What is the remainder when (622/6 - -1) + (-14)/21 is divided by 27?
23
Let o(f) = f**2 + 3*f - 5. Suppose 50 = 6*x - x. Suppose -3*z + x - 1 = 0. What is the remainder when o(-5) is divided by z?
2
Suppose 0*u + 3 = -o - u, -2*o - 4 = 4*u. What is the remainder when (2 + -1)/(1/17) is divided by (o/(-5))/((-12)/(-150))?
7
Suppose 4*s + 4*b + 12 = 0, 2*s + 4*b + 22 = 3*s. Let p be -1 + -1 + s + 0. Let j = 26 + p. What is the remainder when j is divided by 9?
8
Suppose 4*z = -4 - 16, 0 = -5*o + 4*z + 235. Suppose l = 3*d + 15, -3*l + 3*d - 15 = -4*l. Calculate the remainder when o is divided by l.
13
Calculate the remainder when 60/105 + 1434/14 is divided by 13.
12
Let w(y) = -y**3 - 3*y**2 - 4. Let d(m) = m**2 + 8*m + 3. Let x be d(-7). What is the remainder when 35 is divided by w(x)?
11
Suppose -2*b = -5*b + 63. What is the remainder when 32 is divided by b?
11
Let o(z) = 2*z - 6. Let i = 0 - -5. Calculate the remainder when 14 is divided by o(i).
2
Let d be (8/(-6))/((-2)/3). Suppose 0 = -d*u + 3*u + 4, -c + 34 = -3*u. Calculate the remainder when c is divided by ((-48)/28)/(1/(-7)).
10
Calculate the remainder when (-4)/(-12) - (3080/15)/(-8) is divided by (-19)/(-2) - 2/4.
8
Suppose -5*i + 4*y + 43 = 0, 5*i - 2*y = 3*y + 40. Calculate the remainder when i is divided by 7.
4
Suppose -6*m + 21 = -165. Calculate the remainder when 12/45*3*115 is divided by m.
30
Let n(f) = f**2 + 9*f + 2. Suppose 6*b = o + 3*b + 16, 2*o = b - 22. What is the remainder when 23 is divided by n(o)?
11
Suppose -h = -0*h - 8. Let l = -8 + 0. Let k(x) = -3*x - 1. What is the remainder when k(l) is divided by h?
7
Suppose 0*j = -j + 3*d, 1 = -j + 4*d. Calculate the remainder when 10 is divided by j.
1
What is the remainder when (-1 + 4/3)*75 is divided by 14?
11
Calculate the remainder when 110/6*(-1 - -4) is divided by 14.
13
Calculate the remainder when 29 is divided by 38*3/6 + (-2 - 1).
13
Suppose 0 = -3*g + g + 32. Suppose 3*s - 16 = -4*w + 8*s, -5*w - 4*s + 61 = 0. Calculate the remainder when g is divided by w.
7
Let h = 2 - -24. Suppose -d + 45 = 5*n, -3*n - 4*d = -2*d - 27. What is the remainder when h is divided by n?
8
Let d = 36 + -22. Let g be (-64)/6*(-6)/4. Suppose v - 4*w - 6 = -3*w, 4*v - g = -4*w. Calculate the remainder when d is divided by v.
4
Let k = -111 - -120. Let w = 5 - 0. Calculate the remainder when k is divided by w.
4
Let t = 13 + -19. Let h = t + 26. What is the remainder when h is divided by 11?
9
Let u = -30 + 46. Suppose 0 = 5*s - 3*s. Suppose s = 2*a - a - 30. What is the remainder when a is divided by u?
14
Suppose g + 4*g + 20 = 0. Let b(o) = o**2 + 5*o + 4. Let j be b(g). Suppose 0 = 5*t + 5*d - 10, -2*d = j. What is the remainder when 4 is divided by t?
0
Let m(v) be the second derivative of -v**3/6 + 25*v**2/2 - 2*v. Calculate the remainder when m(0) is divided by 13.
12
Suppose -7*b + 2*b = -100. What is the remainder when ((-12)/(-24))/((-314)/(-312) - 1) is divided by b?
18
Suppose 4*y + 3*s - s = 0, 0 = y - 3*s. Let f = y - 11. Let q = -9 - f. Calculate the remainder when 5 is divided by q.
1
Let x be 3*21/(-9) + 4. Calculate the remainder when (0 - x)/(6/106) is divided by 18.
17
Let u = 156 + -81. Calculate the remainder when u is divided by 11.
9
Let g(y) = y**3 + 8*y**2 + 3*y + 4. Calculate the remainder when g(-7) is divided by 19.
13
Suppose -z + 3 = -36. What is the remainder when z is divided by 3 - (0 + -2 + -3)?
7
What is the remainder when 19*5/(20/4) is divided by (1 - -2)*1 + 2?
4
Suppose 23 = 5*x - 4*n + 322, -3*x + n = 178. Let q = -7 - x. What is the remainder when q is divided by 27?
25
Let z be (3/4)/(2/16). Let w(a) = a**2 - 7*a + 8. Let b be w(z). Suppose b*c + o = -3*o + 44, 3*o = -5*c + 131. Calculate the remainder when c is divided by 15.
13
Let y = 11 - 3. What is the remainder when 21 is divided by y?
5
Suppose 4*v + 43 = 3*y, 0 = y + 3*y + 3*v - 49. Calculate the remainder when 75 is divided by y.
10
Let t(i) = i + 5. Let r be t(4). Let c(l) = -l + 6. What is the remainder when c(5) is divided by (r/6)/3*2?
0
Suppose 15*j - 12*j - 141 = 0. Suppose -4*f = -4*v - 36, -v = 2*f + v - 30. Calculate the remainder when j is divided by f.
11
Let p(z) = z + 9. Let t be p(-5). Suppose t = -2*r + 30. Calculate the remainder when 36 is divided by r.
10
Let r(t) = t**2 + 8*t + 5. Let w be r(-6). Let k be (-6 - w)/((-2)/(-4)). Suppose k*z + 3*z = 20. What is the remainder when 6 is divided by z?
2
Suppose 2*a = a. Suppose 25 = 4*v + 5*u, a*u = 4*v - 4*u - 16. Let c(p) = p**3 + 5*p**2 - 2*p + 4. Calculate the remainder when c(-5) is divided by v.
4
Suppose 2*q - 3*t + 9 = 0, 0 = -q - q - 5*t + 31. Let u = 1 - -1. Suppose -u - 4 = -q*b. Calculate the remainder when b is divided by 1.
0
Suppose 5*j = 6*j + 7. Let o(c) be the third derivative of -c**4/4 - 5*c**3/6 - c**2. What is the remainder when o(j) is divided by 13?
11
Let u be ((-6)/18)/((-2)/12). Let m be (-10)/(-4) - 1/u. Suppose -m*g - i + 56 = 0, -4*g + 5*i + 69 = -43. Calculate the remainder when g is divided by 15.
13
Let n be 2*(2 + (2 - 2)). Let m(w) = -7*w + 23. Let b(r) = -3*r + 11. Let t(z) = 13*b(z) - 6*m(z). Calculate the remainder when t(n) is divided by 9.
8
Let j = -5 - -13. Let r = j + 6. Calculate the remainder when r is divided by 5.
4
Let r(z) = -z**3 - z**2 - z + 7. Calculate the remainder when r(0) is divided by -12 + 13 - (-1 - 1).
1
Calculate the remainder when 33 is divided by ((-4)/(32/84))/(1/(-2)).
12
Let k(l) be the third derivative of -l**4/24 + l**3 - 4*l**2. Calculate the remainder when k(-5) is divided by 6.
5
Let y(f) = 6*f**2 - 15*f + 4. What is the remainder when y(8) is divided by 45?
43
Let p(i) = -i + 24. Calculate the remainder when 11 is divided by p(16).
3
Let r(q) be the second derivative of q**3/6 - 5*q**2/2 - 3*q. What is the remainder when -6*(12/(-9))/2 is divided by r(8)?
1
Let c = 64 - 43. Suppose c = d -